(-3).
12
Let r(k) = -385*k - 1167. What is r(-3)?
-12
Let b(x) = x**2 - 100*x - 1870. Give b(-16).
-14
Let h(q) = -q**3 - 43*q**2 + 204*q - 100. What is h(-47)?
-852
Let k(b) = b**3 + 21*b**2 - 20*b + 48. What is k(-22)?
4
Let g(w) = 263*w - 1866. Calculate g(7).
-25
Let k(d) = 4*d**2 - 155*d + 256. Determine k(37).
-3
Let y(f) = -176*f + 2120. Calculate y(15).
-520
Let z(a) = -3*a**2 + 35*a - 148. Calculate z(9).
-76
Let d(i) = -i**3 + 97*i**2 - 1799*i - 74. Determine d(72).
-2
Let m(g) = 9263*g + 55576. Determine m(-6).
-2
Let o(i) = 4*i**2 + 47*i - 283. Determine o(6).
143
Let i(h) = -h**3 - 41*h**2 + 288*h + 299. What is i(-47)?
17
Let r(n) = n**2 - 21*n - 40. Determine r(22).
-18
Let f(j) = j**3 - 42*j**2 - 3*j - 1774. Calculate f(43).
-54
Let q(x) = -2*x**2 + 15*x + 5. Give q(13).
-138
Let n(z) = 7*z + 119. Determine n(-14).
21
Let n(z) = -187*z - 168. Calculate n(-1).
19
Let j(i) = -3*i**2 + 90*i + 261. Determine j(33).
-36
Let m(n) = 9*n**2 + 19*n + 1. Give m(3).
139
Let d(b) = -4*b**2 + 476*b + 478. What is d(-1)?
-2
Let m(s) = 94*s - 5597. Give m(61).
137
Let n(j) = 37*j + 1426. Determine n(-39).
-17
Let z(o) = 9817*o - 88346. Calculate z(9).
7
Let r(v) = -40*v - 344. Give r(-9).
16
Let q(f) = f**3 - 41*f**2 + 35*f + 187. What is q(40)?
-13
Let z(g) = 26*g**3 + 26*g**2 + 24*g - 2. Determine z(-1).
-26
Let z(q) = -4*q**2 + 122*q - 912. Determine z(13).
-2
Let o(v) = -v**3 - 2*v**2 + 99*v - 18. What is o(-11)?
-18
Let b(a) = 2*a**3 + 4*a**2 - 20*a + 43. Determine b(4).
155
Let l(u) = u**2 - 3226*u - 288236. Calculate l(-87).
-5
Let q(j) = -82*j + 503. Give q(6).
11
Let c(f) = f**3 + 208*f**2 + 626*f + 2262. Calculate c(-205).
7
Let n(z) = -2*z**2 - 60*z - 348. Calculate n(-22).
4
Let k(n) = -4*n**2 - 87*n + 74. Give k(-30).
-916
Let m(s) = -s**2 - 30*s + 216. Calculate m(-36).
0
Let b(q) = 10*q**2 - 102*q - 28. Calculate b(11).
60
Let f(n) = -n**3 + 17*n**2 + 34*n - 830. Determine f(16).
-30
Let p(r) = 208*r**2 - 38476*r - 733. Calculate p(185).
7
Let v(s) = -26*s + 61. What is v(6)?
-95
Let o(n) = -503*n**2 - 3*n - 2. Calculate o(-1).
-502
Let i(t) = 5*t**3 - 2*t**2 + 38*t - 65. Calculate i(2).
43
Let n(k) = 1835*k**2 + 25688*k - 27. Give n(-14).
1
Let h(b) = -10*b - 223. What is h(-20)?
-23
Let j(b) = 5*b**2 + 222*b + 262. Determine j(-43).
-39
Let k(a) = -3*a**2 + 78*a - 332. Calculate k(7).
67
Let w(p) = -19*p - 504. Give w(-15).
-219
Let b(x) = -4*x**2 + 78*x + 1095. Calculate b(-10).
-85
Let k(c) = c**3 - 4*c**2 + 337*c - 2099. Give k(6).
-5
Let v(a) = a**3 - 14*a**2 - 25*a - 105. What is v(16)?
7
Let b(d) = -d**2 + 105*d + 2171. What is b(-18)?
-43
Let o(f) = -4*f**2 + 1607*f - 1608. Calculate o(1).
-5
Let f(w) = w**2 - 9*w + 8. Give f(-16).
408
Let z(w) = 4*w**3 + 28*w**2 + 171*w + 1195. Give z(-7).
-2
Let s(p) = -124*p + 77. Calculate s(2).
-171
Let x(u) = -u**2 - 6*u + 18. Calculate x(-14).
-94
Let b(j) = -5*j - 394. Calculate b(-23).
-279
Let m(c) = -2*c**3 - 12*c**2 + 8*c + 94. What is m(-8)?
286
Let x(z) = -203*z**3 - 2*z**2 + 4*z - 3. Calculate x(1).
-204
Let x(h) = 52*h**3 - 940*h**2 + 77*h - 82. Calculate x(18).
8
Let z(l) = 12*l**2 + 49*l - 8. Calculate z(-4).
-12
Let f(h) = -h**2 - 488*h - 57908. What is f(-284)?
28
Let m(p) = -4*p + 121. Give m(13).
69
Let l(y) = -71*y**2 + 11*y + 27. Determine l(-2).
-279
Let d(r) = -r**3 - 33*r**2 + r + 29. Give d(-33).
-4
Let b(c) = 28*c**2 - 74*c + 216. Calculate b(3).
246
Let b(t) = -5*t**2 - 6*t + 55. Calculate b(-4).
-1
Let b(n) = -1330*n - 10765. Give b(-8).
-125
Let n(f) = 2*f**3 - 15*f**2 + 8*f - 13. Determine n(6).
-73
Let j(h) = -15*h**3 - 270*h**2 + 10*h + 134. What is j(-18)?
-46
Let c(k) = -219*k + 90. Calculate c(-2).
528
Let r(p) = -2*p**3 - 3*p**2 - p - 175. Give r(0).
-175
Let z(d) = -d**2 + 8*d - 14. Determine z(7).
-7
Let u(m) = 266*m**2 - 7*m - 8. Give u(-1).
265
Let i(x) = -2*x**3 + 86*x**2 - 19*x + 830. Give i(43).
13
Let t(p) = 122*p**2 - 4633*p - 108. What is t(38)?
6
Let g(d) = 39*d + 3531. Give g(-91).
-18
Let c(f) = -11*f**3 - 5*f**2 - 2*f - 21. Determine c(-3).
237
Let n(x) = -2*x**3 - 164*x**2 + 157*x - 787. Determine n(-83).
-40
Let l(m) = -125*m - 416. Determine l(-4).
84
Let b(p) = -p**3 + 16*p**2 + 7*p + 131. Give b(17).
-39
Let h(f) = -f**3 + 10*f**2 + 19*f + 49. What is h(12)?
-11
Let q(u) = -132*u - 1593. Determine q(-12).
-9
Let d(b) = -b**2 - 4*b + 19. Give d(-6).
7
Let s(h) = h**3 + 2*h**2 - 44*h - 53. Give s(-7).
10
Let m(p) = p**2 + 59*p + 522. Determine m(-50).
72
Let b(l) = 5*l**2 - 148*l + 1048. What is b(11)?
25
Let p(y) = -2*y + 29. Determine p(-2).
33
Let m(p) = 66*p - 814. Give m(12).
-22
Let f(z) = -24*z**2 - 1365*z + 67. Give f(-57).
-104
Let c(j) = -15*j - 511. Calculate c(-36).
29
Let k(r) = -2*r**3 + 55*r**2 - 78*r + 11. Calculate k(26).
11
Let g(o) = -93*o + 3289. Calculate g(36).
-59
Let q(t) = -t**3 - 186*t**2 - 545*t + 716. Give q(-183).
-16
Let y(n) = -n**3 - 3*n**2 + 172*n + 280. Determine y(-14).
28
Let y(h) = -289*h + 33. What is y(-2)?
611
Let z(v) = 4*v**2 - 77*v - 62. What is z(24)?
394
Let i(n) = 2*n**2 - 36*n + 157. What is i(10)?
-3
Let f(l) = -5*l**3 + 33*l**2 + 16*l + 25. Give f(7).
39
Let t(c) = c**3 + 48*c**2 + 4*c + 195. Give t(-48).
3
Let c(a) = -2*a**3 + 2*a**2 - 5*a + 15. What is c(0)?
15
Let i(q) = -248*q - 808. Determine i(-3).
-64
Let b(w) = -3*w**3 + 193*w**2 - 58*w - 395. What is b(64)?
-11
Let f(v) = v**2 + 233*v - 1890. Calculate f(8).
38
Let l(y) = 3*y**2 - 260*y - 1070. Calculate l(-4).
18
Let z(n) = n**3 - 10*n**2 + 7*n - 18. Determine z(8).
-90
Let w(d) = -110*d - 143. What is w(-1)?
-33
Let t(n) = n**2 - 7*n - 86. Calculate t(-8).
34
Let y(f) = f**3 + 55*f**2 - 45*f + 437. Give y(-56).
-179
Let u(f) = -f**2 + 31*f - 538. Determine u(33).
-604
Let l(w) = -w**3 + 15*w**2 + 53*w + 8. What is l(18)?
-10
Let g(k) = -2*k**2 - 303*k - 4189. Give g(-136).
27
Let m(a) = a**3 - 11*a**2 - 185*a + 87. Determine m(20).
-13
Let q(o) = -o**3 + 4*o**2 + 839*o + 40. What is q(-27)?
-14
Let m(z) = -2*z**3 - 210*z**2 - 416*z - 397. Determine m(-103).
15
Let q(g) = -303*g + 193. Determine q(1).
-110
Let t(w) = 40*w - 11. What is t(0)?
-11
Let l(p) = -2*p**3 - 14*p**2 - p + 6. Give l(-5).
-89
Let x(j) = j**3 + 20*j**2 + 51*j + 2. What is x(-18)?
-268
Let a(d) = -55*d + 173. Give a(4).
-47
Let x(v) = 33*v - 915. What is x(31)?
108
Let f(k) = 305*k + 2660. Calculate f(-9).
-85
Let g(u) = 3*u**2 + 23*u + 31. Determine g(-2).
-3
Let z(v) = -v**2 + 24*v - 66. Calculate z(21).
-3
Let y(q) = -2*q**2 - 11*q + 25. Determine y(0).
25
Let h(r) = 131*r + 6534. What is h(-50)?
-16
Let d(s) = -14*s**2 + 235*s + 56. Give d(17).
5
Let s(g) = -33*g**2 - 42*g - 33. Determine s(-1).
-24
Let h(n) = -n**2 + 65*n + 131. Calculate h(57).
587
Let d(g) = 2*g**2 + 4*g + 42. What is d(12)?
378
Let u(o) = 2*o**2 + 39*o + 86. Give u(-11).
-101
Let m(b) = 3*b**3 - 19*b**2 + 2*b + 52. Give m(8).
388
Let b(p) = p**3 + 7*p**2 + p - 2. What is b(-8)?
-74
Let r(w) = -11*w**3 - 7*w**2 + 7*w + 17. Determine r(-3).
230
Let k(z) = -z**3 - 98*z**2 - 952*z + 424. Calculate k(-87).
-11
Let j(z) = -3531*z + 24742. Determine j(7).
25
Let r(z) = -396*z + 19037. Calculate r(48).
29
Let g(b) = 452*b + 838. What is g(-2)?
-66
Let f(o) = o**3 - 3*o**2 - 32*o - 44. Determine f(-2).
0
Let z(i) = 2*i**3 - i**2 - i + 167. What is z(0)?
167
Let r(c) = 128*c**2 - 2559*c - 22. Give r(20).
-2
Let r(s) = -293*s - 2500. Calculate r(-9).
137
Let h(r) = r**3 + 12*r**2 + 31*r + 46. Determine h(-11).
-174
Let g(o) = -o**3 + 169*o**2 + 535*o - 32999. Determine g(171).
4
Let y(q) = -2*q**3 - 52*q**2 - 319*q + 21. Give y(-10).
11
Let k(d) = 492*d + 498. What is k(-1)?
6
Let q(h) = -2790*h + 8377. Determine q(3).
7
Let m(d) = 5*d**2 + 52*d + 329. Calculate m(-8).
233
Let n(l) = -5*l + 91. What is n(16)?
11
Let r(y) = 5*y**2 - 144*y + 133. What is r(28)?
21
Let d(z) = 146*z + 2624. What is d(-18)?
-4
Let l(t) = -2*t**2 + 74*t + 142. Give l(39).
-14
Let m(c) = 484*c + 17429. Determine m(-36).
5
Let x(b) = -32*b + 29. Give x(-5).
189
Let n(u) = u**2 + 42*u + 235. What is n(-35)?
-10
Let f(q) = 34*q**2 + 1393*q - 47. Determine f(-41).
-6
Let r(o) = -o**3 - 19*o**2 - 82*o + 72. Determine r(-9).
0
Let o(c) = c**3 - 25*c**2 - 14*c - 203. Determine o(26).
109
Let t(n) = 5*n**3 + 100*n*